h be 8624/72 - (-6)/27. Calculate the greatest common divisor of h and 24.
24
Let j(h) = -h**3 - 4*h + 4. Let o be j(-4). Calculate the greatest common divisor of o and 56.
28
Suppose -435 = -5*z - 30. Let r(i) = -i**3 - 5*i**2 + 4*i - 3. Let v be r(-6). Calculate the greatest common divisor of z and v.
9
Suppose z = -0*z - 31. Let c(k) = -2*k**2 - 4*k + 2. Let i be c(-6). Let j = z - i. Calculate the greatest common factor of 5 and j.
5
Suppose 7*a = 4*a + 60. What is the greatest common divisor of 50 and a?
10
Let i(y) be the second derivative of y**4/12 + y**3/6 - y. Let a be i(1). Let x(h) = 2*h**2 + 6. Let s be x(-2). What is the greatest common factor of a and s?
2
Let t = 3 + 2. Let i = 7 - t. Calculate the highest common divisor of 2 and i.
2
Let h be 6/4 - 6/4. Let t = 4 - h. Suppose t*v = 8, -4*d - 2*v + 196 = -256. Calculate the highest common divisor of 14 and d.
14
Suppose 7*t - 3*t = 88. Suppose -x = 3*x - 20. Let b = 7 - x. Calculate the greatest common divisor of b and t.
2
Let l(k) = -k + 19. Let v = -2 + 7. Let z be l(v). What is the highest common divisor of 21 and z?
7
Suppose 4*b + 16 = 0, 93 = 4*s - 5*b - 39. What is the highest common factor of s and 42?
14
Suppose -2*q - 3*i + 18 = i, 2*i + 56 = 4*q. Calculate the greatest common factor of q and 52.
13
Let k be -3*((-4)/3 - 0). Let n be (-6)/5*(-20)/3. Calculate the greatest common factor of k and n.
4
Suppose -15 = -3*y, -3*j = 2*y - 4 - 12. Suppose j*o + 5*d - 105 = 0, -5*d = 2*o + o - 150. Calculate the highest common factor of o and 9.
9
Suppose -7*g + 3 = -6*g. Suppose 3*b - 30 = -g*l, 0 = 2*b - l - 5. What is the highest common divisor of 1 and b?
1
Let k(g) = 15*g - 4. Let f be k(-5). Let l = 124 + f. What is the highest common factor of l and 18?
9
Let o = -9 - -8. Let h be -2 - (1 + (-1 - 0)). Let v be h - (-15 - (o - 0)). Calculate the greatest common factor of 6 and v.
6
Let h(x) = x**3 + 5*x**2 - 4*x + 10. Let w be h(-5). Calculate the greatest common factor of 12 and w.
6
Suppose 8*h + 2*h - 130 = 0. What is the greatest common divisor of h and 39?
13
Let h = 19 + -9. Calculate the highest common factor of h and 40.
10
Let k be (-4)/6 - (-195)/9. Suppose 4*o - k = -89. Let v = 30 + o. Calculate the greatest common divisor of v and 65.
13
Let r be (-4)/(3 + -1) - -3. Calculate the highest common divisor of r and 3.
1
Suppose 0 = -2*r - 0 + 32. Let b(u) = u**3 + 5*u**2 + 6*u + 4. Let a be b(-5). Let k = a - -42. Calculate the highest common factor of k and r.
16
Let n = -5 + 5. Let i be -2 + n + 80/4. Let a = 67 + -22. What is the greatest common factor of a and i?
9
Suppose j - 30 = -j. Let z(r) = -13*r + 6. Let d be z(-3). What is the highest common factor of d and j?
15
Let r(c) = c**2 + 4*c - 5. Let k be r(-5). Suppose -4*w + k*w = 0. Let f be (6 - w)*(1 - -1). Calculate the highest common factor of 132 and f.
12
Let b = -14 + 42. Calculate the greatest common divisor of b and 70.
14
Let f = -87 + 105. What is the highest common divisor of f and 12?
6
Let q be -2*((-16)/(-4))/8. Let k be (-1)/(-2)*(7 + q). Calculate the highest common divisor of 9 and k.
3
Let k(u) = 2*u + 34. Let f be k(-14). What is the highest common factor of f and 42?
6
Let s = -1 - -3. Suppose 2*j - 92 = 5*t, s*j + 0*t - 2*t - 80 = 0. Let d = j + -16. Calculate the highest common divisor of d and 40.
20
Let z(s) = -s + 2. Suppose 2*q + 5 + 17 = 0. Let o = q + 7. Let f be z(o). What is the highest common factor of 6 and f?
6
Let t(s) = -s + 35. Let z be t(20). Suppose 2*j + 25 = 5*m, m + 4*j - j = 5. What is the highest common factor of m and z?
5
Suppose -6*w + 60 = -3*w. Suppose 0 = 4*q - o - 243, 3*q + 0*o + 2*o = 174. What is the greatest common divisor of w and q?
20
Suppose -5*g + 20 = -0. Suppose -g = -4*u + 4. Calculate the highest common divisor of u and 8.
2
Let o = 16 + -11. Calculate the greatest common factor of o and 5.
5
Suppose -18*c = -6*c - 3024. Calculate the greatest common factor of 28 and c.
28
Suppose -3*i - i + 2*v + 26 = 0, -2*i = -4*v - 22. Suppose 27 = 4*p - 1. Let u = p + i. What is the highest common divisor of u and 3?
3
Let r = 9 + 12. Suppose 6*p - 2 = 5*p. Suppose -p*f + 2*c + 118 = -2*c, -3*f + 187 = -c. Calculate the greatest common divisor of r and f.
21
Let d = 45 - 42. What is the greatest common divisor of d and 12?
3
Let q be (-4 - -5)/(1 - 2). Let v be -1 - -1 - (q + 0). Let n be 6/(2 - (v - 0)). What is the highest common factor of 54 and n?
6
Suppose -5*t - 8 + 3 = 0, 5*u = -t + 149. Calculate the greatest common factor of u and 20.
10
Let h = 2 - -48. Suppose 0 = -5*d + 15 + 10. What is the highest common factor of h and d?
5
Let d(u) be the first derivative of -u**4/4 + 7*u**3/3 + 4*u**2 + 9*u - 6. Let g be d(7). Let l be 1*2/(4/26). Calculate the highest common divisor of l and g.
13
Let u = 21 - 35. Let m = u + 23. What is the greatest common divisor of m and 1?
1
Suppose 8*i = 4*i + 1036. Let o = i + -184. Calculate the highest common divisor of 15 and o.
15
Let d(x) = x**2 + 6*x + 3. Let k be d(-6). Let h be 2/k + 4/(-6). Suppose t = 3*f - 3*t - 8, -3*t + 12 = h. Calculate the greatest common factor of f and 16.
8
Suppose -m = -r + 2, 2*r = m + 4*m + 4. Suppose 4*k = r*k + 6. What is the highest common divisor of 2 and k?
1
Let a(p) = 27*p**3 - p. Let j be a(1). Let t = 2 + 258. What is the highest common divisor of t and j?
26
Let p(z) = z**3 - 2*z**2 + z - 2. Let y be p(2). Let r be 3 - (1 + (y - 2)). Suppose 0 = r*v - 0*v - 220. Calculate the greatest common factor of 5 and v.
5
Let v be -5*(-4)/80*12. Suppose 0 = -q - 1, -5*x - 2*q = -30 - 88. What is the greatest common factor of v and x?
3
Suppose -3*o + 7*r - 2*r = -11, 0 = -5*o + 3*r + 13. Let v(h) = 2*h**3 - 2*h**2 - h - 2. Let x be v(o). What is the greatest common divisor of x and 28?
4
Let a(y) = -y**2 + 7*y + 35. Let v be a(0). Calculate the highest common divisor of v and 35.
35
Suppose -4*g - 120 = -7*g. What is the greatest common factor of 10 and g?
10
Suppose -5*l = i + i - 27, 26 = 2*l - 3*i. Let m(d) = 11*d - 2. Let o be m(l). What is the highest common divisor of o and 15?
15
Let w(p) = -30*p**3 + 2*p**2 + p - 7*p**3 - 2*p**2. Let s be w(-1). Suppose 2*t - 72 = -t. Calculate the greatest common factor of s and t.
12
Let j be (-1 + -17)/((-12)/18). Suppose d - 4*d + j = 0. Suppose -2*i - 18 = -3*i. What is the highest common factor of d and i?
9
Let a be (1 - -23)*(-1)/(-3). Let d be (a/(-6))/(4/(-30)). What is the greatest common factor of 20 and d?
10
Let k = -32 - -50. Let o = 39 + -21. Calculate the highest common divisor of o and k.
18
Let z(v) = 7 - 2*v**3 - 2*v - v + 3*v**3 + 3*v**2 - 6. Let o be z(2). What is the highest common factor of 5 and o?
5
Let f(q) = -16 - 3*q + 2*q + 21 - 7*q + q**2. Let h be f(8). Suppose 0 = 4*m - 2*g, 3*m + 6 = 3*g - 0*g. Calculate the greatest common factor of h and m.
1
Let m = -5 + 5. Let n be 24/2 - (m - 2). Let j = -3 + n. What is the highest common divisor of j and 44?
11
Let m = -106 - -277. Let k = 2 + 4. Let y be (-7)/((-21)/k) + 17. Calculate the greatest common factor of y and m.
19
Suppose 41 = f - 69. Calculate the highest common factor of f and 44.
22
Let i be 96/(-7) - (-4)/(-14). Let a be 270/35 - 4/i. Calculate the greatest common divisor of 88 and a.
8
Let f = 97 + -52. Suppose -30 = -5*p - p. Calculate the greatest common factor of f and p.
5
Suppose 0 = -5*z - 4*j + 295, 2*j + 10 = -0*j. What is the greatest common divisor of 7 and z?
7
Suppose 5*w - 66 = 4. Let f(o) = -o + 10. Let t be f(7). Suppose t*c + k = 85, 0 = -5*c + c - 5*k + 117. Calculate the greatest common divisor of w and c.
14
Suppose 0*m - 8 = m. Let q be m/(-20) + 2/(-5). Suppose -4*r = -q*x + 2*x - 130, 2*r = x - 61. Calculate the highest common factor of 7 and x.
7
Let o be (-10)/(-45) + (-68)/(-18). Let r = -1 + o. Suppose 2*b = r*b - 16. What is the highest common divisor of 80 and b?
16
Suppose 0 = 4*w - 2*o - 108, -106 = 2*w - 6*w + o. Calculate the highest common divisor of 13 and w.
13
Let d(n) be the first derivative of -1/2*n**2 + 15*n - 3. Let y be d(7). What is the highest common factor of 16 and y?
8
Suppose z = -4*o - 2 + 9, -z = 3*o - 5. Calculate the highest common factor of 2 and o.
2
Let f = 10 + 1. Let a(w) = 6*w**3 - 